*2 - 20*v - 93. Suppose 4*r - 2*t = 80 - 100, 3*t = -4*r - 60. Give n(r).
6
Let m(a) = -1782*a + 8 - 11*a**2 + 1782*a. Let h(y) = -y**2 + 1. Let z(o) = 40*h(o) - 5*m(o). What is z(1)?
15
Let n(s) = 3*s. Let k(i) = -2*i. Let c(x) = 4*k(x) + 3*n(x). Suppose 0 = -5*v + 124 - 4. Suppose 7*l - 12*l - v = 4*g, -5*g + 4*l = -11. Determine c(g).
-1
Let j(o) = -8*o - 6. Let m be 25/(-4) + 139/556. Let q(p) = -42 - 45 - 88*p + 19. Let v(l) = m*q(l) + 68*j(l). Give v(1).
-16
Let h(w) = -w**2 - 12*w - 15. Let n(r) = -151*r**2 - 142*r - 2. Let m be n(-1). Calculate h(m).
-4
Let w(g) be the third derivative of g**6/120 - g**5/20 + g**3/2 + 9*g**2. Let r(l) = -102*l - 609. Let o be r(-6). Give w(o).
3
Let l(p) be the second derivative of p**5/20 + 2*p**4/3 - 8*p**3/3 - 10*p**2 - 55*p + 5. Give l(-10).
-60
Let g(j) = -j**2 - j - 4. Suppose 0 = -i - v + 3, -3*i - 39 = -2*v - 68. What is g(i)?
-60
Let y(p) = -98*p + 0 - 2 - 2*p**2 + 95*p - 2. Suppose 3*a = 5*a + 10. Calculate y(a).
-39
Let w(d) be the second derivative of d**4/12 - 4*d**3/3 + 15*d**2 - 5*d. Let j(v) be the first derivative of w(v). Determine j(7).
6
Let f(c) = 61 + 14*c - 161 + 124. What is f(-2)?
-4
Suppose -5*t - 40 = -2*b, -t - 5*b - 5 - 30 = 0. Let x be (-8)/12 - (8/(-3) + 0). Let p(v) = -12 + x + v**2 + 5 + 8*v. What is p(t)?
15
Let n(d) = 6*d - 1. Let s be (2 + 4)*(-2 - (-127)/2). Let t = s + -364. Determine n(t).
29
Let r(b) = -2*b**2 - 2*b + 11. Let m(p) = -6*p**2 - 35*p - 32. Let n(y) = -m(y) + 2*r(y). Determine n(-14).
12
Let p(c) be the second derivative of -c**6/360 + c**5/30 + 5*c**4/24 + 241*c**3/6 - 290*c. Let h(s) be the second derivative of p(s). Give h(5).
0
Let d(a) = 2*a**2 - 67*a + 509. Let v be d(12). Let r(j) = 41*j + 294. Give r(v).
7
Suppose -2*w + o + 0*o = -63, w + 4*o = 54. Suppose 5*s - 2*q - w - 3 = 0, 5*s - q = 36. Let g(b) = 0 - 9 - 251*b + 252*b. Give g(s).
-2
Let h(t) = -7*t + t - 20 - 14 + 12*t + 30. Determine h(0).
-4
Let g(k) = k**2 - 6*k - 16. Let m be (-480)/(-75) - (3 + (-161)/35). Give g(m).
0
Let j(y) = -y**3 + 7*y**2 + 7. Let x be j(7). Let l(d) be the second derivative of -d**3/6 + 5*d**2/2 + 24*d + 1. Calculate l(x).
-2
Let h(t) be the third derivative of t**4/4 - t**3/6 + t**2. Let f(n) be the first derivative of 3*n**2 - n - 342. Let z(w) = -3*f(w) + 2*h(w). Calculate z(1).
-5
Suppose -3*c - q = -8, 5*q - 8 = -3*c + 4*c. Let i(l) = -3*l**2 + l + 3. Let r(z) = -4*z**2 + 4. Let b(j) = -3*i(j) + 2*r(j). Determine b(c).
-3
Let i(o) be the third derivative of -o**4/6 + 23*o**3/6 - 6920*o**2. Determine i(3).
11
Let q(o) be the first derivative of o**3/3 + 15*o**2/2 - 9*o - 1. Let s = 4201 - 4216. Calculate q(s).
-9
Let c(z) = -z + 20. Suppose -57*a + 10 = -52*a. Let n be (20/30)/(a/51). Determine c(n).
3
Let x be ((-196)/42)/((-2)/18). Let z(w) = 43 + x - 85 - 11*w. Let m be 8/12 + 4/12. What is z(m)?
-11
Let a(m) be the first derivative of -m**3/3 + 21*m**2/2 - 57*m + 184. Let v(r) be the first derivative of a(r). What is v(8)?
5
Suppose -4*n + 1816 = -2*b - 2*b, b + 438 = -3*n. Let a = b - -442. Let x(z) = z - 9. Give x(a).
-17
Let s(u) = -31*u - 327. Let q(a) = 10*a + 2. Let g(y) = -6*q(y) - s(y). Determine g(11).
-4
Let q(o) = -o**2 + 4*o + 5. Suppose y + c - 5 = -1, -c - 14 = -2*y. Let w be (-51)/(-34)*16/y. Suppose -s - 1 = 0, 0 = m - 4*s - w - 4. Calculate q(m).
5
Suppose 32*w + 45*w = 154. Let l(g) = -g**2 + g - 1. Let a(s) = 9*s**2 - 9*s + 8. Let o(h) = a(h) + 5*l(h). Calculate o(w).
11
Suppose 0 = 3*z - 4*q + 32, -3*z = -5*z + 2*q - 18. Let x(i) = 362*i**2 - 209*i**2 + i**3 - 149*i**2 + 6 + 6*i. What is x(z)?
-18
Let o(b) = -7*b + 38. Suppose 3*q + z = -440 + 465, q = -3*z + 27. Determine o(q).
-4
Let r = 1730 - 1699. Let y(v) = -v**3 + 32*v**2 - 28*v - 95. What is y(r)?
-2
Suppose -1197 + 1305 = -12*s. Let f(u) = u**2 + 10*u - 4. Calculate f(s).
-13
Let c be 26/14 + 180/(-210). Let z(p) = -5*p**2 - 6*p - 3. Let f(o) = -2*o**2 - 1. Let u(r) = c*z(r) - 3*f(r). Calculate u(6).
0
Let t(c) = -c**2 - 5*c - 4. Let i be t(-3). Let l(k) = 2*k - i*k**2 + 0*k + 0 + 1 - k**3. Let s be (-6 - 3) + (11 + 4 - 4). Determine l(s).
-11
Let a be -2 + 14 + (-18)/(-198)*-11. Let c(p) = 2*p**2 - 17*p + 11. Determine c(a).
66
Suppose 5*j = 2*p - 38, 19 = -3*j + 5*p - 19. Let w(q) = -q**3 - 4*q**2 + 9*q + 2. Calculate w(j).
20
Let m(f) = 7 + 12 - f**2 + 9*f + 2. Suppose -4*q = -4*z + 44, 0 = z + 5*q - 0*q - 11. Determine m(z).
-1
Let c(o) = o**3 - 5*o**2 + o - 8. Let r be c(6). Let f(i) = i - r - 2*i + 29 + i**2 + 6*i. Suppose -w - 242 + 237 = 0, 0 = -4*h + 2*w - 10. Give f(h).
-5
Let u(v) = 2*v - 1. Let o(s) = -9*s**2 + 9*s + 14. Let m(j) = 5*j**2 - 5*j - 7. Let w(p) = 11*m(p) + 6*o(p). Let y(c) = -5*u(c) - w(c). Give y(-9).
-2
Let a(t) be the third derivative of -5*t**4/24 + t**3/3 + 4*t**2. Let x be (-114)/(-24) - (-6)/(-8). Let c be 3*9/(-6)*x/(-6). Calculate a(c).
-13
Let y(t) = 7*t**3 - 6*t**2 + 67*t + 10. Let h(r) = 6*r**3 - 6*r**2 + 56*r + 11. Let w(c) = -6*h(c) + 5*y(c). What is w(7)?
-72
Let r(y) = y**2 + 38*y + 40. Let q be 4033/981*36/(-4). Give r(q).
3
Let b(f) = -f**3 - 5*f**2 + 29*f + 93. Let h be b(-7). Let g(t) = -t + 11. Calculate g(h).
23
Let r(m) be the first derivative of -m**4/2 + 9*m**3 + 13*m**2/2 + m - 806. What is r(14)?
-13
Let j(b) = -17*b**2 - 5*b + 3*b + 4*b + 18*b**2 - 6. Let r(m) = 2*m**2 + 33*m - 17. Let h be r(-17). Determine j(h).
-6
Let q(s) = s**2 + 12*s + 5. Let h(o) = -7*o**2 + 44*o + 42. Let l be h(-1). Give q(l).
-22
Let c(k) be the first derivative of k**4/4 + 19*k**3/3 - 11*k**2 - 29*k + 498. Determine c(-20).
11
Let o(x) be the second derivative of -5*x**4/12 - 13*x**3/6 - 15*x**2 - 1952*x + 2. Calculate o(-4).
-58
Let y(b) = -b**3 + 9*b**2 - 7*b - 11. Suppose 8 = 2*u + 4*t, 2*u + 42 = t + 55. What is y(u)?
55
Suppose -7*w + 9*w = 0. Suppose w = -3*r + 23 - 2. Suppose 0 = r*g - 6*g - 8. Let m(t) = -t**3 + 8*t**2 + t - 5. Determine m(g).
3
Let m(q) = -14*q - 87. Let x be ((-8)/3)/(132/297). Calculate m(x).
-3
Let c(m) = m**3 + 18*m**2 - 20*m - 13. Let y be (90 + -17)*(2 - 0). Suppose -260 = 6*u - y. Give c(u).
6
Let h(c) = 4*c**2 - 88*c + 92. Let g be h(21). Let z(s) = -s**3 + 9*s**2 - 10*s + 27. Give z(g).
11
Let v(q) be the second derivative of -12*q + 1/24*q**4 - 1/3*q**3 - 5/2*q**2 + 0. Let z(f) be the first derivative of v(f). What is z(-4)?
-6
Let r(i) = i**3 - 2*i**2 + i + 1. Let k(j) = -15*j**3 - 41*j**2 + 16*j - 179. Let h(l) = k(l) + 13*r(l). Determine h(-34).
4
Let s(r) = r**3 + 4*r**2 + r + 1. Let p be (-1)/7 + 624/56. Let c = p - 9. Suppose 5*l = -4*v, 0*l - 4*v = -c*l - 28. What is s(l)?
-3
Let m(z) = -z**3 + 10*z**2 + 2*z - 15. Suppose 77*u + 112 = 959. What is m(u)?
-114
Let w(r) = -18*r + 7. Let q(t) = -47*t + 21. Let f(z) = -3*q(z) + 8*w(z). Let n = 78 + -83. Determine f(n).
8
Let k(h) = -2*h**3 + 31*h**2 + 10*h - 17. Let u(d) = 11*d**3 - 172*d**2 - 60*d + 102. Let j(y) = -17*k(y) - 3*u(y). What is j(9)?
-89
Let n(l) = 4*l**2 - 4 - 3*l - 7*l**2 + 9*l - l**2 - 7*l. Give n(2).
-22
Let z(d) be the third derivative of d**4/12 + 11*d**3/6 - 11*d**2. Suppose 20*y - 22*y + 2*m = 18, 5*y + 95 = -5*m. Determine z(y).
-17
Let d(z) be the first derivative of z**2 + 10 - 15 + 22 + 4 + 4*z. Calculate d(-5).
-6
Let m(s) = 513*s - 8721. Let r be m(17). Let q(w) = w**2 + 7*w + 44. Calculate q(r).
44
Suppose 0 = -5*w + 279 - 99. Let q = -29 + w. Let h(t) be the first derivative of -t**4/4 + 2*t**3 + 9*t**2/2 + t - 230. Determine h(q).
15
Let t(m) be the first derivative of -m**4/2 + 2*m**3/3 - 3*m**2 + 3*m + 7347. What is t(1)?
-3
Let z(p) = 5*p**2 - 10*p**2 + p**3 - 4*p - 4 + 10*p**2 + 12*p. Calculate z(-3).
-10
Let t(j) = -2*j**3 - j**2 - 8*j - 1. Let i(o) = -o**3 - o**2 - 7*o. Let g(z) = 3*i(z) - 2*t(z). Let r = -34 + 44. Let p be 150/(-40)*(-8)/r. Calculate g(p).
5
Suppose -379 + 2511 = -82*h. Let t(o) = -o**3 - 25*o**2 + 28*o + 38. What is t(h)?
-14
Let o be ((-42)/(-6)*(-8)/(-14))/2. Let r(w) = -4 - 18793*w**3 + 18792*w**3 - 2*w**2 + 3*w + 0*w**2 - 2*w**o + 14. What is r(-4)?
-2
Let a(r) = 23 - 7*r**2 + 19 - 79 + 10 + 9*r**2 - 35*r. What is a(18)?
-9
Let w(o) be the third derivative of 1/4*o**4 + 4*o + 0 - 5/6*o**3 + 1/120*o**6 - o**2 - 2/15*o**5. Give w(7).
-12
Let d(k) = 163. Let p(t) = 5*t + 817. Let m(x) = -29